{"id":18,"date":"2025-09-25T22:53:45","date_gmt":"2025-09-25T20:53:45","guid":{"rendered":"https:\/\/kuenstlerischesgestalten.architektur.rptu.de\/?page_id=18"},"modified":"2026-03-31T13:15:06","modified_gmt":"2026-03-31T11:15:06","slug":"team","status":"publish","type":"page","link":"https:\/\/kuenstlerischesgestalten.architektur.rptu.de\/index.php\/team\/","title":{"rendered":"Team"},"content":{"rendered":"\n<p><strong>Prof. Heike Kern<\/strong><\/p>\n\n\n\n<p><strong>K\u00fcnstlerisches Gestalten<\/strong><\/p>\n\n\n\n<p><strong><a href=\"https:\/\/www.fatuk.de\/\" data-type=\"link\" data-id=\"https:\/\/www.fatuk.de\/\">fatuk&nbsp;<\/a><\/strong><\/p>\n\n\n\n<p class=\"has-text-align-left has-large-font-size\">Fachbereich Architektur<br>RPTU<br>Pfaffenbergstrasse 95 \u2022 D 67663 Kaiserslautern<br><a href=\"https:\/\/kuenstlerischesgestalten.architektur.rptu.de\/wp-content\/uploads\/2025\/10\/Anfahrt-mit-Zug_Bus.jpg\">Anfahrt mit Zug und Bus<\/a><br><br>heike.kern[AT]rptu.de<\/p>\n\n\n\n<p><a href=\"http:\/\/heikekern.net\/\">http:\/\/heikekern.net\/<\/a><\/p>\n\n\n\n<p>Telefon: 0631 \/ 205-4163<br>Raum 1-070<br><\/p>\n\n\n\n<p><strong>Sekretariat: Sandra Buchwald<br><\/strong><a href=\"mailto:dagmar.dauwel@architektur.uni-kl.de\">sandra.buchwald[AT]rptu.de<\/a><\/p>\n\n\n\n<p>Telefon 0631 \/ 205-2938<br>Raum 1-110<\/p>\n\n\n\n<p>Sprechzeiten vor Ort:<br>Mo und Di   09:00 \u2013 12:00 Uhr<br>Sprechzeiten telefonisch:<br>Mo &#8211; Do: 09:00 \u2013 12:00 Uhr<br><\/p>\n\n\n\n<p><strong>Assistenz: Ronia Adl-Tabatabai<\/strong><br>seit 2024<br><a href=\"http:\/\/roniaadltabatabai.de\/\">http:\/\/roniaadltabatabai.de\/<\/a><strong><br><\/strong>r.adltabatabai[AT]rptu.de<\/p>\n\n\n\n<p>Telefon 0631 \/ 205-4164<br>Raum 1-070<\/p>\n\n\n\n<p><\/p>\n\n\n\n<p><strong>Assistenz: Paul Schuseil<br><\/strong>seit 2018<br><a href=\"https:\/\/paulschuseil.de\/\">paulschuseil.de<br><\/a>paul.schuseil[AT]rptu.de<\/p>\n\n\n\n<p>Telefon 0631 \/ 205-4164<br>Raum 1-070<\/p>\n\n\n\n<p><\/p>\n\n\n\n<p><strong>Tutor*innen<\/strong><br>Annika Eicher<br>Christine Folz<br>Maja Dujmic<br>Paul Miclea<\/p>\n\n\n\n<p><\/p>\n\n\n\n<p><strong>Ehemalige Assistent*innen<\/strong><br>Valentina Jaff\u00e9, WMA 2024 &#8211; 2025<br><a style=\"font-size: 20.203039px; letter-spacing: -0.1px;\" href=\"https:\/\/www.valentinajaffe.de\/\">https:\/\/www.valentinajaffe.de\/<\/a><\/p>\n\n\n\n<p>Theresa Lawrenz, WMA 2021 \u2013 2023<br><a href=\"https:\/\/theresalawrenz.de\/\">https:\/\/theresalawrenz.de<\/a><\/p>\n\n\n\n<p>Marcel Friedrich Weber, WMA 2018 \u2013 2024<br><a href=\"http:\/\/marcelfriedrichweber.com\/\" target=\"_blank\" rel=\"noreferrer noopener\">marcelfriedrichweber.com<\/a><\/p>\n\n\n\n<p>Judith Leinen, WMA 2015 \u2013 2018 und 2020 \u2013 2021<br><a href=\"http:\/\/judithleinen.com\/\" target=\"_blank\" rel=\"noreferrer noopener\">judithleinen.com<\/a><\/p>\n\n\n\n<p>Mirko Schwartz, WMA 2016 \u2013 2018<\/p>\n\n\n\n<p>Katja von Puttkamer, WMA 2010 \u2013 2012<\/p>\n\n\n\n<p>Marten Georg Schmid, WMA 2010 \u2013 2015<\/p>\n\n\n\n<p>Ruth Greberger, WMA 2004 \u2013 2007<\/p>\n\n\n\n<p>Florian Duelli, WMA 2002 \u2013 2006<\/p>\n\n\n\n<p><\/p>\n\n\n\n<p><strong>Ehemalige Tutor*innen<\/strong><\/p>\n\n\n\n<p>Leonie Axtner<br>Nadja Primoschitz<br>Max Ackermann<br>Friedrich Brox<br>Sophie Angermann<br>Alexander Warncke<br>Alexander Klement<br>Emily Strubel<br>Evelyn Frank<br>Melissa G\u00fcnter<br>Sandra Brand<br>Dorota Rudowicz<br>Philip Becker<br>Jill Kaiser<br>Barfin Habash<br>Yolanda Guastaferro Marcano<br>Martin M\u00fcller<br>Daniel K\u00f6hler<br>Lena Gl\u00fcck<br>Amadeus Rehbein<br>Selim Ucar<br>Jennifer Fejer<br>Julian Roth<br>Karl Wolczyk<br>Michaela Beck<br>Alexander Schuster<br>Sarah Kircher<br>Michael Ott<br>Judith Neises<br>Theresa Voigt<br>Lea Packulat<br>Nadja Eiselin<br>Katrin Ludwig<br>Charlotte Klein<br>Wei Wang<br>Christian Vennemann<br>Christoph Perka<br>Mirko Rollmann<br>Susanne Anton<br>Achim Heitzmann<\/p>\n","protected":false},"excerpt":{"rendered":"<p>Prof. Heike Kern K\u00fcnstlerisches Gestalten fatuk&nbsp; Fachbereich ArchitekturRPTUPfaffenbergstrasse 95 \u2022 D 67663 KaiserslauternAnfahrt mit Zug und Bus heike.kern[AT]rptu.de http:\/\/heikekern.net\/ Telefon: 0631 \/ 205-4163Raum 1-070 Sekretariat: Sandra Buchwaldsandra.buchwald[AT]rptu.de Telefon 0631 \/ 205-2938Raum 1-110 Sprechzeiten vor Ort:Mo und Di 09:00 \u2013 12:00 UhrSprechzeiten telefonisch:Mo &#8211; Do: 09:00 \u2013 12:00 Uhr Assistenz: Ronia Adl-Tabatabaiseit 2024http:\/\/roniaadltabatabai.de\/r.adltabatabai[AT]rptu.de Telefon 0631 \/ [&hellip;]<\/p>\n","protected":false},"author":1,"featured_media":0,"parent":0,"menu_order":0,"comment_status":"closed","ping_status":"closed","template":"","meta":{"footnotes":""},"class_list":["post-18","page","type-page","status-publish","hentry"],"_links":{"self":[{"href":"https:\/\/kuenstlerischesgestalten.architektur.rptu.de\/index.php\/wp-json\/wp\/v2\/pages\/18","targetHints":{"allow":["GET"]}}],"collection":[{"href":"https:\/\/kuenstlerischesgestalten.architektur.rptu.de\/index.php\/wp-json\/wp\/v2\/pages"}],"about":[{"href":"https:\/\/kuenstlerischesgestalten.architektur.rptu.de\/index.php\/wp-json\/wp\/v2\/types\/page"}],"author":[{"embeddable":true,"href":"https:\/\/kuenstlerischesgestalten.architektur.rptu.de\/index.php\/wp-json\/wp\/v2\/users\/1"}],"replies":[{"embeddable":true,"href":"https:\/\/kuenstlerischesgestalten.architektur.rptu.de\/index.php\/wp-json\/wp\/v2\/comments?post=18"}],"version-history":[{"count":23,"href":"https:\/\/kuenstlerischesgestalten.architektur.rptu.de\/index.php\/wp-json\/wp\/v2\/pages\/18\/revisions"}],"predecessor-version":[{"id":405,"href":"https:\/\/kuenstlerischesgestalten.architektur.rptu.de\/index.php\/wp-json\/wp\/v2\/pages\/18\/revisions\/405"}],"wp:attachment":[{"href":"https:\/\/kuenstlerischesgestalten.architektur.rptu.de\/index.php\/wp-json\/wp\/v2\/media?parent=18"}],"curies":[{"name":"wp","href":"https:\/\/api.w.org\/{rel}","templated":true}]}}