{"id":254,"date":"2025-11-15T22:12:55","date_gmt":"2025-11-15T21:12:55","guid":{"rendered":"https:\/\/kuenstlerischesgestalten.architektur.rptu.de\/?page_id=254"},"modified":"2025-11-15T22:12:55","modified_gmt":"2025-11-15T21:12:55","slug":"material","status":"publish","type":"page","link":"https:\/\/kuenstlerischesgestalten.architektur.rptu.de\/index.php\/material\/","title":{"rendered":"Material"},"content":{"rendered":"\n<p>Die ganze Welt ist Material, unsere Umgebung, wir selber.<\/p>\n\n\n\n<p>Obwohl oder gerade weil dieser Umstand zun\u00e4chst so banal erscheint, erfordert er eine genauere Betrachtung und Untersuchung: Wie begegnet uns Material in unserer Umwelt? F\u00e4llt es uns durch die schiere F\u00fclle \u00fcberhaupt auf? Welchen Stellenwert nimmt die Materialit\u00e4t eines Dinges im Vergleich zu seiner Form ein?<\/p>\n\n\n\n<p>Lenkt Material unseren Blick? Was entsteht, wenn wir Materialien aus ihrem Kontext nehmen oder sie neu kombinieren? K\u00f6nnen neue oder ungew\u00f6hnliche Materialien den Blick auf eine r\u00e4umliche Situation ver\u00e4ndern? Oder ist Material letztlich nur ein dienendes Medium ohne eigenen immanenten Wert, das je nach Zielsetzung geformt und genutzt wird? Tritt es \u00fcberhaupt in Erscheinung?<\/p>\n\n\n\n<p>Im Zentrum des Seminars steht das Erarbeiten eigener Fragestellungen und Beobachtungen. Experimentell forschend untersuchen wir Materialien auf ihre physischen und vor allem \u00e4sthetischen Eigenschaften hin mit dem Ziel, jeweils eigene Formen oder Formulierungen zu finden.<\/p>\n\n\n\n<p>Wir arbeiten analog, 1:1, am und im Material. Wir arbeiten in Pr\u00e4senz in einem gro\u00dfen Arbeitsraum in Bau 1.Neben der praktischen Untersuchung bildet die theoretische Auseinandersetzung und Diskussion in der Gruppe einen Teil des Seminars.<\/p>\n\n\n\n<p>(Anzahl Teilnehmer*innen: 15)<\/p>\n\n\n\n<p>Beginn: Montag, 08. 11. 2020, 10:00 Uhr<br>Ort: Geb\u00e4ude 1, Raum U-03<br>Dozent: Marcel Weber<\/p>\n","protected":false},"excerpt":{"rendered":"<p>Die ganze Welt ist Material, unsere Umgebung, wir selber. Obwohl oder gerade weil dieser Umstand zun\u00e4chst so banal erscheint, erfordert er eine genauere Betrachtung und Untersuchung: Wie begegnet uns Material in unserer Umwelt? F\u00e4llt es uns durch die schiere F\u00fclle \u00fcberhaupt auf? Welchen Stellenwert nimmt die Materialit\u00e4t eines Dinges im Vergleich zu seiner Form ein? [&hellip;]<\/p>\n","protected":false},"author":1,"featured_media":0,"parent":0,"menu_order":0,"comment_status":"closed","ping_status":"closed","template":"","meta":{"footnotes":""},"class_list":["post-254","page","type-page","status-publish","hentry"],"_links":{"self":[{"href":"https:\/\/kuenstlerischesgestalten.architektur.rptu.de\/index.php\/wp-json\/wp\/v2\/pages\/254","targetHints":{"allow":["GET"]}}],"collection":[{"href":"https:\/\/kuenstlerischesgestalten.architektur.rptu.de\/index.php\/wp-json\/wp\/v2\/pages"}],"about":[{"href":"https:\/\/kuenstlerischesgestalten.architektur.rptu.de\/index.php\/wp-json\/wp\/v2\/types\/page"}],"author":[{"embeddable":true,"href":"https:\/\/kuenstlerischesgestalten.architektur.rptu.de\/index.php\/wp-json\/wp\/v2\/users\/1"}],"replies":[{"embeddable":true,"href":"https:\/\/kuenstlerischesgestalten.architektur.rptu.de\/index.php\/wp-json\/wp\/v2\/comments?post=254"}],"version-history":[{"count":1,"href":"https:\/\/kuenstlerischesgestalten.architektur.rptu.de\/index.php\/wp-json\/wp\/v2\/pages\/254\/revisions"}],"predecessor-version":[{"id":255,"href":"https:\/\/kuenstlerischesgestalten.architektur.rptu.de\/index.php\/wp-json\/wp\/v2\/pages\/254\/revisions\/255"}],"wp:attachment":[{"href":"https:\/\/kuenstlerischesgestalten.architektur.rptu.de\/index.php\/wp-json\/wp\/v2\/media?parent=254"}],"curies":[{"name":"wp","href":"https:\/\/api.w.org\/{rel}","templated":true}]}}