{"id":258,"date":"2025-11-15T22:17:38","date_gmt":"2025-11-15T21:17:38","guid":{"rendered":"https:\/\/kuenstlerischesgestalten.architektur.rptu.de\/?page_id=258"},"modified":"2025-11-15T22:17:38","modified_gmt":"2025-11-15T21:17:38","slug":"spazieren-gehen","status":"publish","type":"page","link":"https:\/\/kuenstlerischesgestalten.architektur.rptu.de\/index.php\/spazieren-gehen\/","title":{"rendered":"Spazieren gehen"},"content":{"rendered":"\n<p>Lucius Burckhardt hat schon in den 70er Jahren festgestellt, dass die Geschwindigkeit unserer Bewegung einen wesentlichen Einfluss auf unsere Wahrnehmung der Stadt hat. Dass Fu\u00dfg\u00e4nger auf andere Dinge achten als Autofahrer, ist auch heute noch sonnenklar und ist bis heute leider kaum weiter beachtet worden. Wie w\u00e4re es also mit einer Exkursion, die nicht von Highlight zu Highlight hastet, sondern das Spazierengehen als Wahrnehmungsform in den Mittelpunkt stellt? Wir wollen durch St\u00e4dte der benachbarten Bundesl\u00e4nder gehen: zum Beispiel Darmstadt, Frankfurt, Ludwigshafen. Im Mittelpunkt stehen hier st\u00e4dtebaulich und architektonisch interessante Gebiete oder Objekte. Das Fachgebiet organisiert f\u00fcr jeden Tag eine F\u00fchrung am Vormittag. Den Spaziergang am Nachmittag bereiten Sie selbst in kleinen Gruppen vor und bekommen daf\u00fcr eine Note.<\/p>\n\n\n\n<p>Exkursionsdauer: 14. bis 17. Juni<\/p>\n\n\n\n<p>Teilnehmerzahl: maximal 24<\/p>\n\n\n\n<p>Kosten: Hin- und R\u00fcckfahrten per Zug\/Auto zu den jeweiligen St\u00e4dten<\/p>\n\n\n\n<p>Beginn: Erstes verbindliches Treffen mit Einf\u00fchrung und Verteilung der Arbeitsgruppen: Freitag, der 06.05.2022, 17:00 bis 19:00 Uhr<\/p>\n\n\n\n<p>Dozent*innen: Prof. Heike Kern, Paul Schuseil, Marcel Weber<\/p>\n\n\n\n<p><\/p>\n","protected":false},"excerpt":{"rendered":"<p>Lucius Burckhardt hat schon in den 70er Jahren festgestellt, dass die Geschwindigkeit unserer Bewegung einen wesentlichen Einfluss auf unsere Wahrnehmung der Stadt hat. Dass Fu\u00dfg\u00e4nger auf andere Dinge achten als Autofahrer, ist auch heute noch sonnenklar und ist bis heute leider kaum weiter beachtet worden. Wie w\u00e4re es also mit einer Exkursion, die nicht von [&hellip;]<\/p>\n","protected":false},"author":1,"featured_media":0,"parent":0,"menu_order":0,"comment_status":"closed","ping_status":"closed","template":"","meta":{"footnotes":""},"class_list":["post-258","page","type-page","status-publish","hentry"],"_links":{"self":[{"href":"https:\/\/kuenstlerischesgestalten.architektur.rptu.de\/index.php\/wp-json\/wp\/v2\/pages\/258","targetHints":{"allow":["GET"]}}],"collection":[{"href":"https:\/\/kuenstlerischesgestalten.architektur.rptu.de\/index.php\/wp-json\/wp\/v2\/pages"}],"about":[{"href":"https:\/\/kuenstlerischesgestalten.architektur.rptu.de\/index.php\/wp-json\/wp\/v2\/types\/page"}],"author":[{"embeddable":true,"href":"https:\/\/kuenstlerischesgestalten.architektur.rptu.de\/index.php\/wp-json\/wp\/v2\/users\/1"}],"replies":[{"embeddable":true,"href":"https:\/\/kuenstlerischesgestalten.architektur.rptu.de\/index.php\/wp-json\/wp\/v2\/comments?post=258"}],"version-history":[{"count":1,"href":"https:\/\/kuenstlerischesgestalten.architektur.rptu.de\/index.php\/wp-json\/wp\/v2\/pages\/258\/revisions"}],"predecessor-version":[{"id":259,"href":"https:\/\/kuenstlerischesgestalten.architektur.rptu.de\/index.php\/wp-json\/wp\/v2\/pages\/258\/revisions\/259"}],"wp:attachment":[{"href":"https:\/\/kuenstlerischesgestalten.architektur.rptu.de\/index.php\/wp-json\/wp\/v2\/media?parent=258"}],"curies":[{"name":"wp","href":"https:\/\/api.w.org\/{rel}","templated":true}]}}