{"id":399,"date":"2026-01-05T22:50:44","date_gmt":"2026-01-05T21:50:44","guid":{"rendered":"https:\/\/kuenstlerischesgestalten.architektur.rptu.de\/?page_id=399"},"modified":"2026-01-05T22:50:44","modified_gmt":"2026-01-05T21:50:44","slug":"alles","status":"publish","type":"page","link":"https:\/\/kuenstlerischesgestalten.architektur.rptu.de\/index.php\/alles\/","title":{"rendered":"Alles"},"content":{"rendered":"\n<p>Die Welt besteht aus Teilen und alle zusammen bilden ein Ganzes \u2013 oder etwa nicht? Kann und m\u00f6chte man sich das Unfassbare vorstellen? Welche Dimensionen k\u00f6nnen wir klar und deutlich denken und welche Dimensionen k\u00f6nnen wir mit unseren H\u00e4nden fassen und welche Haltung nehmen wir gegen\u00fcber dieser ungeheuren Diskrepanz ein?<br>Sinn und Aufgabe jeder \u00e4sthetischen Arbeit ist, fragile, vermutete oder behauptete Zusammenh\u00e4nge sinnlich zur Anschauung zu bringen. Neue Formeln f\u00fcr die Einheit von Natur, Wahrheit und Sch\u00f6nheit entstehen immer zuerst punktuell, in den Beobachtungen und Entscheidungen eines Individuums.<br>Viele zeitgen\u00f6ssische k\u00fcnstlerische Positionen wagen aus genau diesem Wissen heraus eine Auseinandersetzung mit dem barocken Gesamtkunstwerk \u2013 nicht mit dem Schreckgespenst eines \u201eAlle Teile dienen einem Ganzen\u201c, sondern mit dem Ph\u00e4nomen, dass raumbildende Ausdrucksformen einen ungeheuer langen lustvollen Welt bejahenden Schrei ausl\u00f6sen konnten.<br>Das Projekt beginnt mit einer Reise in die europ\u00e4ischen Zentren des Barock, die sie \u2013 finanziell unterst\u00fctzt durch das Fachgebiet \u2013 individuell gestalten und durchf\u00fchren. Sie dokumentieren Ihre Beobachtungen ausf\u00fchrlich und f\u00fchren sie zu Hause zu einer Mind-Map zusammen, die Ihre Suche nach einem pers\u00f6nlichen Schl\u00fcsselbild und Ihren Arbeitsprozess kontinuierlich begleitet.<br>Sie formulieren in jedem Moment 1:1, entscheiden immer selbst \u00fcber die Angemessenheit Ihrer Untersuchungen in Bezug auf Medium und Gr\u00f6\u00dfe. Der Schwerpunkt wird auf der Zeichnung und der Arbeit mit keramischen Massen liegen, um das Modellieren von r\u00e4umlichen Situationen \u00e4u\u00dferst nah an der Hand, m\u00f6glichst direkt und \u00f6konomisch zu halten.\u00a0<br>Sie erfahren \u00fcber die Mind-Map und die bildnerischen Methoden eine Kl\u00e4rung und St\u00e4rkung Ihrer pers\u00f6nlichen Strategie des Entwerfens.<\/p>\n\n\n\n<p>Dozentin: Prof. Heike Kern<br><br>Beginn:\u00a0Mittwoch, 17. 04. 2019, 10:00 Uhr<\/p>\n\n\n\n<p>Ort:&nbsp;&nbsp;&nbsp;&nbsp;&nbsp;&nbsp;Geb\u00e4ude 1, Raum 070<\/p>\n","protected":false},"excerpt":{"rendered":"<p>Die Welt besteht aus Teilen und alle zusammen bilden ein Ganzes \u2013 oder etwa nicht? Kann und m\u00f6chte man sich das Unfassbare vorstellen? Welche Dimensionen k\u00f6nnen wir klar und deutlich denken und welche Dimensionen k\u00f6nnen wir mit unseren H\u00e4nden fassen und welche Haltung nehmen wir gegen\u00fcber dieser ungeheuren Diskrepanz ein?Sinn und Aufgabe jeder \u00e4sthetischen Arbeit [&hellip;]<\/p>\n","protected":false},"author":1,"featured_media":0,"parent":0,"menu_order":0,"comment_status":"closed","ping_status":"closed","template":"","meta":{"footnotes":""},"class_list":["post-399","page","type-page","status-publish","hentry"],"_links":{"self":[{"href":"https:\/\/kuenstlerischesgestalten.architektur.rptu.de\/index.php\/wp-json\/wp\/v2\/pages\/399","targetHints":{"allow":["GET"]}}],"collection":[{"href":"https:\/\/kuenstlerischesgestalten.architektur.rptu.de\/index.php\/wp-json\/wp\/v2\/pages"}],"about":[{"href":"https:\/\/kuenstlerischesgestalten.architektur.rptu.de\/index.php\/wp-json\/wp\/v2\/types\/page"}],"author":[{"embeddable":true,"href":"https:\/\/kuenstlerischesgestalten.architektur.rptu.de\/index.php\/wp-json\/wp\/v2\/users\/1"}],"replies":[{"embeddable":true,"href":"https:\/\/kuenstlerischesgestalten.architektur.rptu.de\/index.php\/wp-json\/wp\/v2\/comments?post=399"}],"version-history":[{"count":1,"href":"https:\/\/kuenstlerischesgestalten.architektur.rptu.de\/index.php\/wp-json\/wp\/v2\/pages\/399\/revisions"}],"predecessor-version":[{"id":400,"href":"https:\/\/kuenstlerischesgestalten.architektur.rptu.de\/index.php\/wp-json\/wp\/v2\/pages\/399\/revisions\/400"}],"wp:attachment":[{"href":"https:\/\/kuenstlerischesgestalten.architektur.rptu.de\/index.php\/wp-json\/wp\/v2\/media?parent=399"}],"curies":[{"name":"wp","href":"https:\/\/api.w.org\/{rel}","templated":true}]}}